{"id":4081,"date":"2023-10-09T13:09:15","date_gmt":"2023-10-09T13:09:15","guid":{"rendered":"http:\/\/192.168.40.110\/cissa\/?page_id=4081"},"modified":"2023-10-16T09:26:13","modified_gmt":"2023-10-16T09:26:13","slug":"pt-courtesy-visit-from-national-defence-academy","status":"publish","type":"page","link":"https:\/\/cissaau.org\/?page_id=4081&lang=pt","title":{"rendered":"pt-Courtesy Visit from National Defence Academy"},"content":{"rendered":"\t\t<div data-elementor-type=\"wp-page\" data-elementor-id=\"4081\" class=\"elementor elementor-4081\">\n\t\t\t\t\t\t<section class=\"elementor-section elementor-top-section elementor-element elementor-element-0dcea3e elementor-section-full_width elementor-section-stretched elementor-section-height-default elementor-section-height-default\" data-id=\"0dcea3e\" data-element_type=\"section\" data-e-type=\"section\" data-settings=\"{&quot;stretch_section&quot;:&quot;section-stretched&quot;,&quot;background_background&quot;:&quot;classic&quot;}\">\n\t\t\t\t\t\t<div class=\"elementor-container elementor-column-gap-no\">\n\t\t\t\t\t<div class=\"elementor-column elementor-col-100 elementor-top-column elementor-element elementor-element-1f6ea84\" data-id=\"1f6ea84\" data-element_type=\"column\" data-e-type=\"column\" data-settings=\"{&quot;background_background&quot;:&quot;classic&quot;}\">\n\t\t\t<div class=\"elementor-widget-wrap elementor-element-populated\">\n\t\t\t\t\t\t<section class=\"elementor-section elementor-inner-section elementor-element elementor-element-423e74a elementor-section-full_width elementor-section-height-default elementor-section-height-default\" data-id=\"423e74a\" data-element_type=\"section\" data-e-type=\"section\">\n\t\t\t\t\t\t<div class=\"elementor-container elementor-column-gap-default\">\n\t\t\t\t\t<div class=\"elementor-column elementor-col-33 elementor-inner-column elementor-element elementor-element-52469c1\" data-id=\"52469c1\" data-element_type=\"column\" data-e-type=\"column\" data-settings=\"{&quot;background_background&quot;:&quot;classic&quot;}\">\n\t\t\t<div class=\"elementor-widget-wrap elementor-element-populated\">\n\t\t\t\t\t\t<div class=\"elementor-element elementor-element-69464ef elementor-widget__width-initial elementor-widget elementor-widget-heading\" data-id=\"69464ef\" data-element_type=\"widget\" data-e-type=\"widget\" data-widget_type=\"heading.default\">\n\t\t\t\t<div class=\"elementor-widget-container\">\n\t\t\t\t\t<h2 class=\"elementor-heading-title elementor-size-xl\">Visita de cortesia da Academia de Defesa Nacional\n<\/h2>\t\t\t\t<\/div>\n\t\t\t\t<\/div>\n\t\t\t\t\t<\/div>\n\t\t<\/div>\n\t\t\t\t<div class=\"elementor-column elementor-col-33 elementor-inner-column elementor-element elementor-element-b03f5b1\" data-id=\"b03f5b1\" data-element_type=\"column\" data-e-type=\"column\">\n\t\t\t<div class=\"elementor-widget-wrap\">\n\t\t\t\t\t\t\t<\/div>\n\t\t<\/div>\n\t\t\t\t<div class=\"elementor-column elementor-col-33 elementor-inner-column elementor-element elementor-element-46af353\" data-id=\"46af353\" data-element_type=\"column\" data-e-type=\"column\">\n\t\t\t<div class=\"elementor-widget-wrap\">\n\t\t\t\t\t\t\t<\/div>\n\t\t<\/div>\n\t\t\t\t\t<\/div>\n\t\t<\/section>\n\t\t\t\t\t<\/div>\n\t\t<\/div>\n\t\t\t\t\t<\/div>\n\t\t<\/section>\n\t\t\t\t<section class=\"elementor-section elementor-top-section elementor-element elementor-element-c56d8eb elementor-section-boxed elementor-section-height-default elementor-section-height-default\" data-id=\"c56d8eb\" data-element_type=\"section\" data-e-type=\"section\">\n\t\t\t\t\t\t<div class=\"elementor-container elementor-column-gap-default\">\n\t\t\t\t\t<div class=\"elementor-column elementor-col-100 elementor-top-column elementor-element elementor-element-ed12b1c\" data-id=\"ed12b1c\" data-element_type=\"column\" data-e-type=\"column\">\n\t\t\t<div class=\"elementor-widget-wrap elementor-element-populated\">\n\t\t\t\t\t\t<div class=\"elementor-element elementor-element-c29aa99 elementor-widget elementor-widget-heading\" data-id=\"c29aa99\" data-element_type=\"widget\" data-e-type=\"widget\" data-widget_type=\"heading.default\">\n\t\t\t\t<div class=\"elementor-widget-container\">\n\t\t\t\t\t<h2 class=\"elementor-heading-title elementor-size-default\">Visita de cortesia da Academia de Defesa Nacional\n<\/h2>\t\t\t\t<\/div>\n\t\t\t\t<\/div>\n\t\t\t\t<div class=\"elementor-element elementor-element-72a478b elementor-widget elementor-widget-text-editor\" data-id=\"72a478b\" data-element_type=\"widget\" data-e-type=\"widget\" data-widget_type=\"text-editor.default\">\n\t\t\t\t<div class=\"elementor-widget-container\">\n\t\t\t\t\t\t\t\t\t<p>Visita de cortesia de uma delega\u00e7\u00e3o da Academia de Defesa Nacional (NDA), chefiada pelo Comandante da For\u00e7a A\u00e9rea da Nig\u00e9ria, Osichinaka Chiedu UBADIKE, a 04 de Maio de 2023, \u00e0 sede do Secretariado do CISSA em Adis Abeba, Eti\u00f3pia<\/p>\t\t\t\t\t\t\t\t<\/div>\n\t\t\t\t<\/div>\n\t\t\t\t\t<\/div>\n\t\t<\/div>\n\t\t\t\t\t<\/div>\n\t\t<\/section>\n\t\t\t\t<section class=\"elementor-section elementor-top-section elementor-element elementor-element-1b0162b elementor-section-stretched elementor-section-boxed elementor-section-height-default elementor-section-height-default\" data-id=\"1b0162b\" data-element_type=\"section\" data-e-type=\"section\" data-settings=\"{&quot;stretch_section&quot;:&quot;section-stretched&quot;,&quot;animation&quot;:&quot;none&quot;}\">\n\t\t\t\t\t\t<div class=\"elementor-container elementor-column-gap-default\">\n\t\t\t\t\t<div class=\"elementor-column elementor-col-100 elementor-top-column elementor-element elementor-element-47e114f\" data-id=\"47e114f\" data-element_type=\"column\" data-e-type=\"column\">\n\t\t\t<div class=\"elementor-widget-wrap elementor-element-populated\">\n\t\t\t\t\t\t<div class=\"elementor-element elementor-element-5b63aa0 gallery-spacing-custom elementor-widget elementor-widget-image-gallery\" data-id=\"5b63aa0\" data-element_type=\"widget\" data-e-type=\"widget\" data-widget_type=\"image-gallery.default\">\n\t\t\t\t<div class=\"elementor-widget-container\">\n\t\t\t\t\t\t\t<div class=\"elementor-image-gallery\">\n\t\t\t<div id='gallery-1' class='gallery galleryid-4081 gallery-columns-4 gallery-size-full'><figure class='gallery-item'>\n\t\t\t<div class='gallery-icon landscape'>\n\t\t\t\t<a data-elementor-open-lightbox=\"yes\" data-elementor-lightbox-slideshow=\"5b63aa0\" data-elementor-lightbox-title=\"IMG_4974\" data-e-action-hash=\"#elementor-action%3Aaction%3Dlightbox%26settings%3DeyJpZCI6NDQ5NywidXJsIjoiaHR0cHM6XC9cL2Npc3NhYXUub3JnXC93cC1jb250ZW50XC91cGxvYWRzXC8yMDIzXC8xMFwvSU1HXzQ5NzQuanBnIiwic2xpZGVzaG93IjoiNWI2M2FhMCJ9\" href='https:\/\/cissaau.org\/wp-content\/uploads\/2023\/10\/IMG_4974.jpg'><img fetchpriority=\"high\" decoding=\"async\" width=\"6000\" height=\"4000\" src=\"https:\/\/cissaau.org\/wp-content\/uploads\/2023\/10\/IMG_4974.jpg\" class=\"attachment-full size-full\" alt=\"\" aria-describedby=\"gallery-1-4497\" \/><\/a>\n\t\t\t<\/div>\n\t\t\t\t<figcaption class='wp-caption-text gallery-caption' id='gallery-1-4497'>\n\t\t\t\tVisite du Pr\u00e9sident en Exercice en R\u00e9publique des Seychelles 2023\n\t\t\t\t<\/figcaption><\/figure><figure class='gallery-item'>\n\t\t\t<div class='gallery-icon landscape'>\n\t\t\t\t<a data-elementor-open-lightbox=\"yes\" data-elementor-lightbox-slideshow=\"5b63aa0\" data-elementor-lightbox-title=\"IMG_5062\" data-e-action-hash=\"#elementor-action%3Aaction%3Dlightbox%26settings%3DeyJpZCI6NDQxMSwidXJsIjoiaHR0cHM6XC9cL2Npc3NhYXUub3JnXC93cC1jb250ZW50XC91cGxvYWRzXC8yMDIzXC8xMFwvSU1HXzUwNjIuanBnIiwic2xpZGVzaG93IjoiNWI2M2FhMCJ9\" href='https:\/\/cissaau.org\/wp-content\/uploads\/2023\/10\/IMG_5062.jpg'><img decoding=\"async\" width=\"6000\" height=\"4000\" src=\"https:\/\/cissaau.org\/wp-content\/uploads\/2023\/10\/IMG_5062.jpg\" class=\"attachment-full size-full\" alt=\"\" aria-describedby=\"gallery-1-4411\" \/><\/a>\n\t\t\t<\/div>\n\t\t\t\t<figcaption class='wp-caption-text gallery-caption' id='gallery-1-4411'>\n\t\t\t\tVisite du Pr\u00e9sident en Exercice en R\u00e9publique des Seychelles 2023\n\t\t\t\t<\/figcaption><\/figure><figure class='gallery-item'>\n\t\t\t<div class='gallery-icon landscape'>\n\t\t\t\t<a data-elementor-open-lightbox=\"yes\" data-elementor-lightbox-slideshow=\"5b63aa0\" data-elementor-lightbox-title=\"IMG_5029\" data-e-action-hash=\"#elementor-action%3Aaction%3Dlightbox%26settings%3DeyJpZCI6NDQxOSwidXJsIjoiaHR0cHM6XC9cL2Npc3NhYXUub3JnXC93cC1jb250ZW50XC91cGxvYWRzXC8yMDIzXC8xMFwvSU1HXzUwMjkuanBnIiwic2xpZGVzaG93IjoiNWI2M2FhMCJ9\" href='https:\/\/cissaau.org\/wp-content\/uploads\/2023\/10\/IMG_5029.jpg'><img decoding=\"async\" width=\"6000\" height=\"4000\" src=\"https:\/\/cissaau.org\/wp-content\/uploads\/2023\/10\/IMG_5029.jpg\" class=\"attachment-full size-full\" alt=\"\" aria-describedby=\"gallery-1-4419\" \/><\/a>\n\t\t\t<\/div>\n\t\t\t\t<figcaption class='wp-caption-text gallery-caption' id='gallery-1-4419'>\n\t\t\t\tVisite du Pr\u00e9sident en Exercice en R\u00e9publique des Seychelles 2023\n\t\t\t\t<\/figcaption><\/figure><figure class='gallery-item'>\n\t\t\t<div class='gallery-icon landscape'>\n\t\t\t\t<a data-elementor-open-lightbox=\"yes\" data-elementor-lightbox-slideshow=\"5b63aa0\" data-elementor-lightbox-title=\"IMG_4975\" data-e-action-hash=\"#elementor-action%3Aaction%3Dlightbox%26settings%3DeyJpZCI6NDQ5MiwidXJsIjoiaHR0cHM6XC9cL2Npc3NhYXUub3JnXC93cC1jb250ZW50XC91cGxvYWRzXC8yMDIzXC8xMFwvSU1HXzQ5NzUuanBnIiwic2xpZGVzaG93IjoiNWI2M2FhMCJ9\" href='https:\/\/cissaau.org\/wp-content\/uploads\/2023\/10\/IMG_4975.jpg'><img loading=\"lazy\" decoding=\"async\" width=\"6000\" height=\"4000\" src=\"https:\/\/cissaau.org\/wp-content\/uploads\/2023\/10\/IMG_4975.jpg\" class=\"attachment-full size-full\" alt=\"\" aria-describedby=\"gallery-1-4492\" \/><\/a>\n\t\t\t<\/div>\n\t\t\t\t<figcaption class='wp-caption-text gallery-caption' id='gallery-1-4492'>\n\t\t\t\tVisite du Pr\u00e9sident en Exercice en R\u00e9publique des Seychelles 2023\n\t\t\t\t<\/figcaption><\/figure><figure class='gallery-item'>\n\t\t\t<div class='gallery-icon landscape'>\n\t\t\t\t<a data-elementor-open-lightbox=\"yes\" data-elementor-lightbox-slideshow=\"5b63aa0\" data-elementor-lightbox-title=\"IMG_4997\" data-e-action-hash=\"#elementor-action%3Aaction%3Dlightbox%26settings%3DeyJpZCI6NDQzMSwidXJsIjoiaHR0cHM6XC9cL2Npc3NhYXUub3JnXC93cC1jb250ZW50XC91cGxvYWRzXC8yMDIzXC8xMFwvSU1HXzQ5OTcuanBnIiwic2xpZGVzaG93IjoiNWI2M2FhMCJ9\" href='https:\/\/cissaau.org\/wp-content\/uploads\/2023\/10\/IMG_4997.jpg'><img loading=\"lazy\" decoding=\"async\" width=\"6000\" height=\"4000\" src=\"https:\/\/cissaau.org\/wp-content\/uploads\/2023\/10\/IMG_4997.jpg\" class=\"attachment-full size-full\" alt=\"\" aria-describedby=\"gallery-1-4431\" \/><\/a>\n\t\t\t<\/div>\n\t\t\t\t<figcaption class='wp-caption-text gallery-caption' id='gallery-1-4431'>\n\t\t\t\tVisite du Pr\u00e9sident en Exercice en R\u00e9publique des Seychelles 2023\n\t\t\t\t<\/figcaption><\/figure><figure class='gallery-item'>\n\t\t\t<div class='gallery-icon landscape'>\n\t\t\t\t<a data-elementor-open-lightbox=\"yes\" data-elementor-lightbox-slideshow=\"5b63aa0\" data-elementor-lightbox-title=\"IMG_4943\" data-e-action-hash=\"#elementor-action%3Aaction%3Dlightbox%26settings%3DeyJpZCI6NDUyNCwidXJsIjoiaHR0cHM6XC9cL2Npc3NhYXUub3JnXC93cC1jb250ZW50XC91cGxvYWRzXC8yMDIzXC8xMFwvSU1HXzQ5NDMuanBnIiwic2xpZGVzaG93IjoiNWI2M2FhMCJ9\" href='https:\/\/cissaau.org\/wp-content\/uploads\/2023\/10\/IMG_4943.jpg'><img loading=\"lazy\" decoding=\"async\" width=\"6000\" height=\"4000\" src=\"https:\/\/cissaau.org\/wp-content\/uploads\/2023\/10\/IMG_4943.jpg\" class=\"attachment-full size-full\" alt=\"\" aria-describedby=\"gallery-1-4524\" \/><\/a>\n\t\t\t<\/div>\n\t\t\t\t<figcaption class='wp-caption-text gallery-caption' id='gallery-1-4524'>\n\t\t\t\tVisite du Pr\u00e9sident en Exercice en R\u00e9publique des Seychelles 2023\n\t\t\t\t<\/figcaption><\/figure><figure class='gallery-item'>\n\t\t\t<div class='gallery-icon landscape'>\n\t\t\t\t<a data-elementor-open-lightbox=\"yes\" data-elementor-lightbox-slideshow=\"5b63aa0\" data-elementor-lightbox-title=\"IMG_5037\" data-e-action-hash=\"#elementor-action%3Aaction%3Dlightbox%26settings%3DeyJpZCI6NDQxNCwidXJsIjoiaHR0cHM6XC9cL2Npc3NhYXUub3JnXC93cC1jb250ZW50XC91cGxvYWRzXC8yMDIzXC8xMFwvSU1HXzUwMzcuanBnIiwic2xpZGVzaG93IjoiNWI2M2FhMCJ9\" href='https:\/\/cissaau.org\/wp-content\/uploads\/2023\/10\/IMG_5037.jpg'><img loading=\"lazy\" decoding=\"async\" width=\"6000\" height=\"4000\" src=\"https:\/\/cissaau.org\/wp-content\/uploads\/2023\/10\/IMG_5037.jpg\" class=\"attachment-full size-full\" alt=\"\" aria-describedby=\"gallery-1-4414\" \/><\/a>\n\t\t\t<\/div>\n\t\t\t\t<figcaption class='wp-caption-text gallery-caption' id='gallery-1-4414'>\n\t\t\t\tVisite du Pr\u00e9sident en Exercice en R\u00e9publique des Seychelles 2023\n\t\t\t\t<\/figcaption><\/figure><figure class='gallery-item'>\n\t\t\t<div class='gallery-icon landscape'>\n\t\t\t\t<a data-elementor-open-lightbox=\"yes\" data-elementor-lightbox-slideshow=\"5b63aa0\" data-elementor-lightbox-title=\"IMG_4999\" data-e-action-hash=\"#elementor-action%3Aaction%3Dlightbox%26settings%3DeyJpZCI6NDQyOCwidXJsIjoiaHR0cHM6XC9cL2Npc3NhYXUub3JnXC93cC1jb250ZW50XC91cGxvYWRzXC8yMDIzXC8xMFwvSU1HXzQ5OTkuanBnIiwic2xpZGVzaG93IjoiNWI2M2FhMCJ9\" href='https:\/\/cissaau.org\/wp-content\/uploads\/2023\/10\/IMG_4999.jpg'><img loading=\"lazy\" decoding=\"async\" width=\"6000\" height=\"4000\" src=\"https:\/\/cissaau.org\/wp-content\/uploads\/2023\/10\/IMG_4999.jpg\" class=\"attachment-full size-full\" alt=\"\" aria-describedby=\"gallery-1-4428\" \/><\/a>\n\t\t\t<\/div>\n\t\t\t\t<figcaption class='wp-caption-text gallery-caption' id='gallery-1-4428'>\n\t\t\t\tVisite du Pr\u00e9sident en Exercice en R\u00e9publique des Seychelles 2023\n\t\t\t\t<\/figcaption><\/figure><figure class='gallery-item'>\n\t\t\t<div class='gallery-icon landscape'>\n\t\t\t\t<a data-elementor-open-lightbox=\"yes\" data-elementor-lightbox-slideshow=\"5b63aa0\" data-elementor-lightbox-title=\"IMG_4977\" data-e-action-hash=\"#elementor-action%3Aaction%3Dlightbox%26settings%3DeyJpZCI6NDQ2MywidXJsIjoiaHR0cHM6XC9cL2Npc3NhYXUub3JnXC93cC1jb250ZW50XC91cGxvYWRzXC8yMDIzXC8xMFwvSU1HXzQ5NzcuanBnIiwic2xpZGVzaG93IjoiNWI2M2FhMCJ9\" href='https:\/\/cissaau.org\/wp-content\/uploads\/2023\/10\/IMG_4977.jpg'><img loading=\"lazy\" decoding=\"async\" width=\"6000\" height=\"4000\" src=\"https:\/\/cissaau.org\/wp-content\/uploads\/2023\/10\/IMG_4977.jpg\" class=\"attachment-full size-full\" alt=\"\" aria-describedby=\"gallery-1-4463\" \/><\/a>\n\t\t\t<\/div>\n\t\t\t\t<figcaption class='wp-caption-text gallery-caption' id='gallery-1-4463'>\n\t\t\t\tVisite du Pr\u00e9sident en Exercice en R\u00e9publique des Seychelles 2023\n\t\t\t\t<\/figcaption><\/figure><figure class='gallery-item'>\n\t\t\t<div class='gallery-icon landscape'>\n\t\t\t\t<a data-elementor-open-lightbox=\"yes\" data-elementor-lightbox-slideshow=\"5b63aa0\" data-elementor-lightbox-title=\"IMG_4990\" data-e-action-hash=\"#elementor-action%3Aaction%3Dlightbox%26settings%3DeyJpZCI6NDQ1NCwidXJsIjoiaHR0cHM6XC9cL2Npc3NhYXUub3JnXC93cC1jb250ZW50XC91cGxvYWRzXC8yMDIzXC8xMFwvSU1HXzQ5OTAuanBnIiwic2xpZGVzaG93IjoiNWI2M2FhMCJ9\" href='https:\/\/cissaau.org\/wp-content\/uploads\/2023\/10\/IMG_4990.jpg'><img loading=\"lazy\" decoding=\"async\" width=\"6000\" height=\"4000\" src=\"https:\/\/cissaau.org\/wp-content\/uploads\/2023\/10\/IMG_4990.jpg\" class=\"attachment-full size-full\" alt=\"\" aria-describedby=\"gallery-1-4454\" \/><\/a>\n\t\t\t<\/div>\n\t\t\t\t<figcaption class='wp-caption-text gallery-caption' id='gallery-1-4454'>\n\t\t\t\tVisite du Pr\u00e9sident en Exercice en R\u00e9publique des Seychelles 2023\n\t\t\t\t<\/figcaption><\/figure><figure class='gallery-item'>\n\t\t\t<div class='gallery-icon landscape'>\n\t\t\t\t<a data-elementor-open-lightbox=\"yes\" data-elementor-lightbox-slideshow=\"5b63aa0\" data-elementor-lightbox-title=\"IMG_5012\" data-e-action-hash=\"#elementor-action%3Aaction%3Dlightbox%26settings%3DeyJpZCI6NDMxNCwidXJsIjoiaHR0cHM6XC9cL2Npc3NhYXUub3JnXC93cC1jb250ZW50XC91cGxvYWRzXC8yMDIzXC8xMFwvSU1HXzUwMTIuanBnIiwic2xpZGVzaG93IjoiNWI2M2FhMCJ9\" href='https:\/\/cissaau.org\/wp-content\/uploads\/2023\/10\/IMG_5012.jpg'><img loading=\"lazy\" decoding=\"async\" width=\"6000\" height=\"4000\" src=\"https:\/\/cissaau.org\/wp-content\/uploads\/2023\/10\/IMG_5012.jpg\" class=\"attachment-full size-full\" alt=\"\" aria-describedby=\"gallery-1-4314\" \/><\/a>\n\t\t\t<\/div>\n\t\t\t\t<figcaption class='wp-caption-text gallery-caption' id='gallery-1-4314'>\n\t\t\t\tVisite du Pr\u00e9sident en Exercice en R\u00e9publique des Seychelles 2023\n\t\t\t\t<\/figcaption><\/figure><figure class='gallery-item'>\n\t\t\t<div class='gallery-icon landscape'>\n\t\t\t\t<a data-elementor-open-lightbox=\"yes\" data-elementor-lightbox-slideshow=\"5b63aa0\" data-elementor-lightbox-title=\"IMG_4944\" data-e-action-hash=\"#elementor-action%3Aaction%3Dlightbox%26settings%3DeyJpZCI6NDUxNCwidXJsIjoiaHR0cHM6XC9cL2Npc3NhYXUub3JnXC93cC1jb250ZW50XC91cGxvYWRzXC8yMDIzXC8xMFwvSU1HXzQ5NDQuanBnIiwic2xpZGVzaG93IjoiNWI2M2FhMCJ9\" href='https:\/\/cissaau.org\/wp-content\/uploads\/2023\/10\/IMG_4944.jpg'><img loading=\"lazy\" decoding=\"async\" width=\"6000\" height=\"4000\" src=\"https:\/\/cissaau.org\/wp-content\/uploads\/2023\/10\/IMG_4944.jpg\" class=\"attachment-full size-full\" alt=\"\" aria-describedby=\"gallery-1-4514\" \/><\/a>\n\t\t\t<\/div>\n\t\t\t\t<figcaption class='wp-caption-text gallery-caption' id='gallery-1-4514'>\n\t\t\t\tVisite du Pr\u00e9sident en Exercice en R\u00e9publique des Seychelles 2023\n\t\t\t\t<\/figcaption><\/figure><figure class='gallery-item'>\n\t\t\t<div class='gallery-icon landscape'>\n\t\t\t\t<a data-elementor-open-lightbox=\"yes\" data-elementor-lightbox-slideshow=\"5b63aa0\" data-elementor-lightbox-title=\"IMG_4968\" data-e-action-hash=\"#elementor-action%3Aaction%3Dlightbox%26settings%3DeyJpZCI6NDUwMCwidXJsIjoiaHR0cHM6XC9cL2Npc3NhYXUub3JnXC93cC1jb250ZW50XC91cGxvYWRzXC8yMDIzXC8xMFwvSU1HXzQ5NjguanBnIiwic2xpZGVzaG93IjoiNWI2M2FhMCJ9\" href='https:\/\/cissaau.org\/wp-content\/uploads\/2023\/10\/IMG_4968.jpg'><img loading=\"lazy\" decoding=\"async\" width=\"6000\" height=\"4000\" src=\"https:\/\/cissaau.org\/wp-content\/uploads\/2023\/10\/IMG_4968.jpg\" class=\"attachment-full size-full\" alt=\"\" aria-describedby=\"gallery-1-4500\" \/><\/a>\n\t\t\t<\/div>\n\t\t\t\t<figcaption class='wp-caption-text gallery-caption' id='gallery-1-4500'>\n\t\t\t\tVisite du Pr\u00e9sident en Exercice en R\u00e9publique des Seychelles 2023\n\t\t\t\t<\/figcaption><\/figure><figure class='gallery-item'>\n\t\t\t<div class='gallery-icon landscape'>\n\t\t\t\t<a data-elementor-open-lightbox=\"yes\" data-elementor-lightbox-slideshow=\"5b63aa0\" data-elementor-lightbox-title=\"IMG_4947\" data-e-action-hash=\"#elementor-action%3Aaction%3Dlightbox%26settings%3DeyJpZCI6NDUwOCwidXJsIjoiaHR0cHM6XC9cL2Npc3NhYXUub3JnXC93cC1jb250ZW50XC91cGxvYWRzXC8yMDIzXC8xMFwvSU1HXzQ5NDcuanBnIiwic2xpZGVzaG93IjoiNWI2M2FhMCJ9\" href='https:\/\/cissaau.org\/wp-content\/uploads\/2023\/10\/IMG_4947.jpg'><img loading=\"lazy\" decoding=\"async\" width=\"6000\" height=\"4000\" src=\"https:\/\/cissaau.org\/wp-content\/uploads\/2023\/10\/IMG_4947.jpg\" class=\"attachment-full size-full\" alt=\"\" aria-describedby=\"gallery-1-4508\" \/><\/a>\n\t\t\t<\/div>\n\t\t\t\t<figcaption class='wp-caption-text gallery-caption' id='gallery-1-4508'>\n\t\t\t\tVisite du Pr\u00e9sident en Exercice en R\u00e9publique des Seychelles 2023\n\t\t\t\t<\/figcaption><\/figure><figure class='gallery-item'>\n\t\t\t<div class='gallery-icon landscape'>\n\t\t\t\t<a data-elementor-open-lightbox=\"yes\" data-elementor-lightbox-slideshow=\"5b63aa0\" data-elementor-lightbox-title=\"IMG_4983\" data-e-action-hash=\"#elementor-action%3Aaction%3Dlightbox%26settings%3DeyJpZCI6NDQ2MSwidXJsIjoiaHR0cHM6XC9cL2Npc3NhYXUub3JnXC93cC1jb250ZW50XC91cGxvYWRzXC8yMDIzXC8xMFwvSU1HXzQ5ODMuanBnIiwic2xpZGVzaG93IjoiNWI2M2FhMCJ9\" href='https:\/\/cissaau.org\/wp-content\/uploads\/2023\/10\/IMG_4983.jpg'><img loading=\"lazy\" decoding=\"async\" width=\"6000\" height=\"4000\" src=\"https:\/\/cissaau.org\/wp-content\/uploads\/2023\/10\/IMG_4983.jpg\" class=\"attachment-full size-full\" alt=\"\" aria-describedby=\"gallery-1-4461\" \/><\/a>\n\t\t\t<\/div>\n\t\t\t\t<figcaption class='wp-caption-text gallery-caption' id='gallery-1-4461'>\n\t\t\t\tVisite du Pr\u00e9sident en Exercice en R\u00e9publique des Seychelles 2023\n\t\t\t\t<\/figcaption><\/figure><figure class='gallery-item'>\n\t\t\t<div class='gallery-icon landscape'>\n\t\t\t\t<a data-elementor-open-lightbox=\"yes\" data-elementor-lightbox-slideshow=\"5b63aa0\" data-elementor-lightbox-title=\"IMG_4988\" data-e-action-hash=\"#elementor-action%3Aaction%3Dlightbox%26settings%3DeyJpZCI6NDQ4MiwidXJsIjoiaHR0cHM6XC9cL2Npc3NhYXUub3JnXC93cC1jb250ZW50XC91cGxvYWRzXC8yMDIzXC8xMFwvSU1HXzQ5ODguanBnIiwic2xpZGVzaG93IjoiNWI2M2FhMCJ9\" href='https:\/\/cissaau.org\/wp-content\/uploads\/2023\/10\/IMG_4988.jpg'><img loading=\"lazy\" decoding=\"async\" width=\"6000\" height=\"4000\" src=\"https:\/\/cissaau.org\/wp-content\/uploads\/2023\/10\/IMG_4988.jpg\" class=\"attachment-full size-full\" alt=\"\" aria-describedby=\"gallery-1-4482\" \/><\/a>\n\t\t\t<\/div>\n\t\t\t\t<figcaption class='wp-caption-text gallery-caption' id='gallery-1-4482'>\n\t\t\t\tVisite du Pr\u00e9sident en Exercice en R\u00e9publique des Seychelles 2023\n\t\t\t\t<\/figcaption><\/figure><figure class='gallery-item'>\n\t\t\t<div class='gallery-icon landscape'>\n\t\t\t\t<a data-elementor-open-lightbox=\"yes\" data-elementor-lightbox-slideshow=\"5b63aa0\" data-elementor-lightbox-title=\"IMG_4935\" data-e-action-hash=\"#elementor-action%3Aaction%3Dlightbox%26settings%3DeyJpZCI6NDU0NCwidXJsIjoiaHR0cHM6XC9cL2Npc3NhYXUub3JnXC93cC1jb250ZW50XC91cGxvYWRzXC8yMDIzXC8xMFwvSU1HXzQ5MzUuanBnIiwic2xpZGVzaG93IjoiNWI2M2FhMCJ9\" href='https:\/\/cissaau.org\/wp-content\/uploads\/2023\/10\/IMG_4935.jpg'><img loading=\"lazy\" decoding=\"async\" width=\"6000\" height=\"4000\" src=\"https:\/\/cissaau.org\/wp-content\/uploads\/2023\/10\/IMG_4935.jpg\" class=\"attachment-full size-full\" alt=\"\" aria-describedby=\"gallery-1-4544\" \/><\/a>\n\t\t\t<\/div>\n\t\t\t\t<figcaption class='wp-caption-text gallery-caption' id='gallery-1-4544'>\n\t\t\t\tVisite du Pr\u00e9sident en Exercice en R\u00e9publique des Seychelles 2023\n\t\t\t\t<\/figcaption><\/figure><figure class='gallery-item'>\n\t\t\t<div class='gallery-icon landscape'>\n\t\t\t\t<a data-elementor-open-lightbox=\"yes\" data-elementor-lightbox-slideshow=\"5b63aa0\" data-elementor-lightbox-title=\"IMG_5023\" data-e-action-hash=\"#elementor-action%3Aaction%3Dlightbox%26settings%3DeyJpZCI6NDQyMCwidXJsIjoiaHR0cHM6XC9cL2Npc3NhYXUub3JnXC93cC1jb250ZW50XC91cGxvYWRzXC8yMDIzXC8xMFwvSU1HXzUwMjMuanBnIiwic2xpZGVzaG93IjoiNWI2M2FhMCJ9\" href='https:\/\/cissaau.org\/wp-content\/uploads\/2023\/10\/IMG_5023.jpg'><img loading=\"lazy\" decoding=\"async\" width=\"6000\" height=\"4000\" src=\"https:\/\/cissaau.org\/wp-content\/uploads\/2023\/10\/IMG_5023.jpg\" class=\"attachment-full size-full\" alt=\"\" aria-describedby=\"gallery-1-4420\" \/><\/a>\n\t\t\t<\/div>\n\t\t\t\t<figcaption class='wp-caption-text gallery-caption' id='gallery-1-4420'>\n\t\t\t\tVisite du Pr\u00e9sident en Exercice en R\u00e9publique des Seychelles 2023\n\t\t\t\t<\/figcaption><\/figure>\n\t\t<\/div>\n\t\t<\/div>\n\t\t\t\t\t\t<\/div>\n\t\t\t\t<\/div>\n\t\t\t\t\t<\/div>\n\t\t<\/div>\n\t\t\t\t\t<\/div>\n\t\t<\/section>\n\t\t\t\t<\/div>\n\t\t","protected":false},"excerpt":{"rendered":"<p>Visita de cortesia da Academia de Defesa Nacional Visita de cortesia da Academia de Defesa Nacional Visita de cortesia de uma delega\u00e7\u00e3o da Academia de Defesa Nacional (NDA), chefiada pelo Comandante da For\u00e7a A\u00e9rea da Nig\u00e9ria, Osichinaka Chiedu UBADIKE, a 04 de Maio de 2023, \u00e0 sede do Secretariado do CISSA em Adis Abeba, Eti\u00f3pia&#8230;<\/p>\n","protected":false},"author":1,"featured_media":0,"parent":0,"menu_order":0,"comment_status":"closed","ping_status":"closed","template":"","meta":{"_kadence_starter_templates_imported_post":false,"_kad_post_transparent":"disable","_kad_post_title":"hide","_kad_post_layout":"fullwidth","_kad_post_sidebar_id":"","_kad_post_content_style":"unboxed","_kad_post_vertical_padding":"hide","_kad_post_feature":"hide","_kad_post_feature_position":"","_kad_post_header":false,"_kad_post_footer":false,"_kad_post_classname":"","footnotes":""},"class_list":["post-4081","page","type-page","status-publish","hentry"],"_links":{"self":[{"href":"https:\/\/cissaau.org\/index.php?rest_route=\/wp\/v2\/pages\/4081","targetHints":{"allow":["GET"]}}],"collection":[{"href":"https:\/\/cissaau.org\/index.php?rest_route=\/wp\/v2\/pages"}],"about":[{"href":"https:\/\/cissaau.org\/index.php?rest_route=\/wp\/v2\/types\/page"}],"author":[{"embeddable":true,"href":"https:\/\/cissaau.org\/index.php?rest_route=\/wp\/v2\/users\/1"}],"replies":[{"embeddable":true,"href":"https:\/\/cissaau.org\/index.php?rest_route=%2Fwp%2Fv2%2Fcomments&post=4081"}],"version-history":[{"count":10,"href":"https:\/\/cissaau.org\/index.php?rest_route=\/wp\/v2\/pages\/4081\/revisions"}],"predecessor-version":[{"id":4997,"href":"https:\/\/cissaau.org\/index.php?rest_route=\/wp\/v2\/pages\/4081\/revisions\/4997"}],"wp:attachment":[{"href":"https:\/\/cissaau.org\/index.php?rest_route=%2Fwp%2Fv2%2Fmedia&parent=4081"}],"curies":[{"name":"wp","href":"https:\/\/api.w.org\/{rel}","templated":true}]}}