{"id":2119,"date":"2023-01-18T18:40:59","date_gmt":"2023-01-18T18:40:59","guid":{"rendered":"http:\/\/127.0.0.1\/cissa\/?page_id=2119"},"modified":"2023-10-16T10:54:36","modified_gmt":"2023-10-16T10:54:36","slug":"objectivos","status":"publish","type":"page","link":"https:\/\/cissaau.org\/?page_id=2119&lang=pt","title":{"rendered":"Objectivos"},"content":{"rendered":"\t\t<div data-elementor-type=\"wp-page\" data-elementor-id=\"2119\" class=\"elementor elementor-2119\">\n\t\t\t\t\t\t<section class=\"elementor-section elementor-top-section elementor-element elementor-element-9b76356 elementor-section-full_width elementor-section-stretched elementor-section-height-default elementor-section-height-default\" data-id=\"9b76356\" data-element_type=\"section\" data-e-type=\"section\" data-settings=\"{&quot;stretch_section&quot;:&quot;section-stretched&quot;,&quot;background_background&quot;:&quot;classic&quot;}\">\n\t\t\t\t\t\t<div class=\"elementor-container elementor-column-gap-no\">\n\t\t\t\t\t<div class=\"elementor-column elementor-col-100 elementor-top-column elementor-element elementor-element-d17eb89\" data-id=\"d17eb89\" data-element_type=\"column\" data-e-type=\"column\">\n\t\t\t<div class=\"elementor-widget-wrap elementor-element-populated\">\n\t\t\t\t\t\t<section class=\"elementor-section elementor-inner-section elementor-element elementor-element-b520cbf elementor-section-full_width elementor-section-height-default elementor-section-height-default\" data-id=\"b520cbf\" data-element_type=\"section\" data-e-type=\"section\">\n\t\t\t\t\t\t<div class=\"elementor-container elementor-column-gap-default\">\n\t\t\t\t\t<div class=\"elementor-column elementor-col-33 elementor-inner-column elementor-element elementor-element-e446ff0\" data-id=\"e446ff0\" data-element_type=\"column\" data-e-type=\"column\" data-settings=\"{&quot;background_background&quot;:&quot;classic&quot;}\">\n\t\t\t<div class=\"elementor-widget-wrap elementor-element-populated\">\n\t\t\t\t\t\t<div class=\"elementor-element elementor-element-bdad03d elementor-widget elementor-widget-heading\" data-id=\"bdad03d\" data-element_type=\"widget\" data-e-type=\"widget\" data-widget_type=\"heading.default\">\n\t\t\t\t<div class=\"elementor-widget-container\">\n\t\t\t\t\t<h2 class=\"elementor-heading-title elementor-size-xl\">OBJECTIVOS<\/h2>\t\t\t\t<\/div>\n\t\t\t\t<\/div>\n\t\t\t\t\t<\/div>\n\t\t<\/div>\n\t\t\t\t<div class=\"elementor-column elementor-col-33 elementor-inner-column elementor-element elementor-element-e57cd17\" data-id=\"e57cd17\" data-element_type=\"column\" data-e-type=\"column\">\n\t\t\t<div class=\"elementor-widget-wrap\">\n\t\t\t\t\t\t\t<\/div>\n\t\t<\/div>\n\t\t\t\t<div class=\"elementor-column elementor-col-33 elementor-inner-column elementor-element elementor-element-7f30064\" data-id=\"7f30064\" data-element_type=\"column\" data-e-type=\"column\">\n\t\t\t<div class=\"elementor-widget-wrap\">\n\t\t\t\t\t\t\t<\/div>\n\t\t<\/div>\n\t\t\t\t\t<\/div>\n\t\t<\/section>\n\t\t\t\t\t<\/div>\n\t\t<\/div>\n\t\t\t\t\t<\/div>\n\t\t<\/section>\n\t\t\t\t<section class=\"elementor-section elementor-top-section elementor-element elementor-element-d20b980 elementor-section-boxed elementor-section-height-default elementor-section-height-default\" data-id=\"d20b980\" data-element_type=\"section\" data-e-type=\"section\">\n\t\t\t\t\t\t<div class=\"elementor-container elementor-column-gap-default\">\n\t\t\t\t\t<div class=\"elementor-column elementor-col-50 elementor-top-column elementor-element elementor-element-61ee3b7\" data-id=\"61ee3b7\" data-element_type=\"column\" data-e-type=\"column\" data-settings=\"{&quot;background_background&quot;:&quot;classic&quot;}\">\n\t\t\t<div class=\"elementor-widget-wrap elementor-element-populated\">\n\t\t\t\t\t<div class=\"elementor-background-overlay\"><\/div>\n\t\t\t\t\t\t<div class=\"elementor-element elementor-element-7dc8671 elementor-widget elementor-widget-heading\" data-id=\"7dc8671\" data-element_type=\"widget\" data-e-type=\"widget\" data-widget_type=\"heading.default\">\n\t\t\t\t<div class=\"elementor-widget-container\">\n\t\t\t\t\t<h2 class=\"elementor-heading-title elementor-size-default\">Proporcionar lideran\u00e7a em mat\u00e9ria de informa\u00e7\u00f5es de lideran\u00e7a e seguran\u00e7a<\/h2>\t\t\t\t<\/div>\n\t\t\t\t<\/div>\n\t\t\t\t<div class=\"elementor-element elementor-element-d4061d7 elementor-widget elementor-widget-text-editor\" data-id=\"d4061d7\" data-element_type=\"widget\" data-e-type=\"widget\" data-widget_type=\"text-editor.default\">\n\t\t\t\t<div class=\"elementor-widget-container\">\n\t\t\t\t\t\t\t\t\t<ul><li>Proporcionar lideran\u00e7a em mat\u00e9ria de intelig\u00eancia e seguran\u00e7a na promo\u00e7\u00e3o da paz, seguran\u00e7a e estabilidade em \u00c1frica<\/li><li>Coordenar estrat\u00e9gias para facilitar a interac\u00e7\u00e3o entre os Servi\u00e7os de Informa\u00e7\u00f5es e o interc\u00e2mbio de informa\u00e7\u00f5es sobre amea\u00e7as comuns \u00e0 seguran\u00e7a<\/li><li>Desenvolver e consolidar medidas de refor\u00e7o da confian\u00e7a entre os Servi\u00e7os de Informa\u00e7\u00f5es e Seguran\u00e7a<\/li><li>Fornecer ao CPS da UA dados e informa\u00e7\u00f5es necess\u00e1rios para a adop\u00e7\u00e3o, entre outros, de uma pol\u00edtica e estrat\u00e9gia africanas para a manuten\u00e7\u00e3o da paz e preven\u00e7\u00e3o, gest\u00e3o e resolu\u00e7\u00e3o de conflitos<\/li><li>Servir de plataforma para a coopera\u00e7\u00e3o com organiza\u00e7\u00f5es similares ao CISSA de fora de \u00c1frica<\/li><li>Servir de canal de comunica\u00e7\u00e3o entre os Membros durante crises<\/li><\/ul>\t\t\t\t\t\t\t\t<\/div>\n\t\t\t\t<\/div>\n\t\t\t\t\t<\/div>\n\t\t<\/div>\n\t\t\t\t<div class=\"elementor-column elementor-col-50 elementor-top-column elementor-element elementor-element-a5f9f68\" data-id=\"a5f9f68\" data-element_type=\"column\" data-e-type=\"column\" data-settings=\"{&quot;background_background&quot;:&quot;classic&quot;}\">\n\t\t\t<div class=\"elementor-widget-wrap elementor-element-populated\">\n\t\t\t\t\t\t<section class=\"elementor-section elementor-inner-section elementor-element elementor-element-94abd94 elementor-section-boxed elementor-section-height-default elementor-section-height-default\" data-id=\"94abd94\" data-element_type=\"section\" data-e-type=\"section\">\n\t\t\t\t\t\t<div class=\"elementor-container elementor-column-gap-default\">\n\t\t\t\t\t<div class=\"elementor-column elementor-col-100 elementor-inner-column elementor-element elementor-element-8b22503\" data-id=\"8b22503\" data-element_type=\"column\" data-e-type=\"column\" data-settings=\"{&quot;background_background&quot;:&quot;classic&quot;}\">\n\t\t\t<div class=\"elementor-widget-wrap elementor-element-populated\">\n\t\t\t\t\t\t<div class=\"elementor-element elementor-element-819bf87 elementor-widget elementor-widget-heading\" data-id=\"819bf87\" data-element_type=\"widget\" data-e-type=\"widget\" data-widget_type=\"heading.default\">\n\t\t\t\t<div class=\"elementor-widget-container\">\n\t\t\t\t\t<h2 class=\"elementor-heading-title elementor-size-default\">VIS\u00c3O<\/h2>\t\t\t\t<\/div>\n\t\t\t\t<\/div>\n\t\t\t\t<div class=\"elementor-element elementor-element-fa1497e elementor-widget elementor-widget-text-editor\" data-id=\"fa1497e\" data-element_type=\"widget\" data-e-type=\"widget\" data-widget_type=\"text-editor.default\">\n\t\t\t\t<div class=\"elementor-widget-container\">\n\t\t\t\t\t\t\t\t\t<p>Ser o principal fornecedor de informa\u00e7\u00f5es aos \u00f3rg\u00e3os de formula\u00e7\u00e3o de pol\u00edticas da Uni\u00e3o Africana (UA), refor\u00e7ando assim a sua capacidade de aprofundar e preservar a estabilidade em \u00c1frica.<\/p>\t\t\t\t\t\t\t\t<\/div>\n\t\t\t\t<\/div>\n\t\t\t\t\t<\/div>\n\t\t<\/div>\n\t\t\t\t\t<\/div>\n\t\t<\/section>\n\t\t\t\t<section class=\"elementor-section elementor-inner-section elementor-element elementor-element-cdbae8e elementor-section-full_width elementor-section-content-top elementor-section-height-default elementor-section-height-default\" data-id=\"cdbae8e\" data-element_type=\"section\" data-e-type=\"section\">\n\t\t\t\t\t\t<div class=\"elementor-container elementor-column-gap-default\">\n\t\t\t\t\t<div class=\"elementor-column elementor-col-100 elementor-inner-column elementor-element elementor-element-6b2a3e7\" data-id=\"6b2a3e7\" data-element_type=\"column\" data-e-type=\"column\" data-settings=\"{&quot;background_background&quot;:&quot;classic&quot;}\">\n\t\t\t<div class=\"elementor-widget-wrap elementor-element-populated\">\n\t\t\t\t\t\t<div class=\"elementor-element elementor-element-b6a2e0e elementor-widget elementor-widget-heading\" data-id=\"b6a2e0e\" data-element_type=\"widget\" data-e-type=\"widget\" data-widget_type=\"heading.default\">\n\t\t\t\t<div class=\"elementor-widget-container\">\n\t\t\t\t\t<h2 class=\"elementor-heading-title elementor-size-default\">MISS\u00c3O<\/h2>\t\t\t\t<\/div>\n\t\t\t\t<\/div>\n\t\t\t\t<div class=\"elementor-element elementor-element-29d8cfe elementor-widget elementor-widget-text-editor\" data-id=\"29d8cfe\" data-element_type=\"widget\" data-e-type=\"widget\" data-widget_type=\"text-editor.default\">\n\t\t\t\t<div class=\"elementor-widget-container\">\n\t\t\t\t\t\t\t\t\t<p>Coordenar informa\u00e7\u00f5es, bem como promover a coopera\u00e7\u00e3o, medidas de constru\u00e7\u00e3o de confian\u00e7a e refor\u00e7o em mat\u00e9ria de capacita\u00e7\u00f5es entre os Servi\u00e7os de Informa\u00e7\u00f5es e Seguran\u00e7a de \u00c1frica<\/p>\t\t\t\t\t\t\t\t<\/div>\n\t\t\t\t<\/div>\n\t\t\t\t\t<\/div>\n\t\t<\/div>\n\t\t\t\t\t<\/div>\n\t\t<\/section>\n\t\t\t\t\t<\/div>\n\t\t<\/div>\n\t\t\t\t\t<\/div>\n\t\t<\/section>\n\t\t\t\t<\/div>\n\t\t","protected":false},"excerpt":{"rendered":"<p>OBJECTIVOS Proporcionar lideran\u00e7a em mat\u00e9ria de informa\u00e7\u00f5es de lideran\u00e7a e seguran\u00e7a Proporcionar lideran\u00e7a em mat\u00e9ria de intelig\u00eancia e seguran\u00e7a na promo\u00e7\u00e3o da paz, seguran\u00e7a e estabilidade em \u00c1frica Coordenar estrat\u00e9gias para facilitar a interac\u00e7\u00e3o entre os Servi\u00e7os de Informa\u00e7\u00f5es e o interc\u00e2mbio de informa\u00e7\u00f5es sobre amea\u00e7as comuns \u00e0 seguran\u00e7a Desenvolver e consolidar medidas de refor\u00e7o&#8230;<\/p>\n","protected":false},"author":1,"featured_media":0,"parent":0,"menu_order":0,"comment_status":"closed","ping_status":"closed","template":"","meta":{"_kadence_starter_templates_imported_post":false,"_kad_post_transparent":"default","_kad_post_title":"hide","_kad_post_layout":"fullwidth","_kad_post_sidebar_id":"","_kad_post_content_style":"unboxed","_kad_post_vertical_padding":"hide","_kad_post_feature":"hide","_kad_post_feature_position":"","_kad_post_header":false,"_kad_post_footer":false,"_kad_post_classname":"","footnotes":""},"class_list":["post-2119","page","type-page","status-publish","hentry"],"_links":{"self":[{"href":"https:\/\/cissaau.org\/index.php?rest_route=\/wp\/v2\/pages\/2119","targetHints":{"allow":["GET"]}}],"collection":[{"href":"https:\/\/cissaau.org\/index.php?rest_route=\/wp\/v2\/pages"}],"about":[{"href":"https:\/\/cissaau.org\/index.php?rest_route=\/wp\/v2\/types\/page"}],"author":[{"embeddable":true,"href":"https:\/\/cissaau.org\/index.php?rest_route=\/wp\/v2\/users\/1"}],"replies":[{"embeddable":true,"href":"https:\/\/cissaau.org\/index.php?rest_route=%2Fwp%2Fv2%2Fcomments&post=2119"}],"version-history":[{"count":25,"href":"https:\/\/cissaau.org\/index.php?rest_route=\/wp\/v2\/pages\/2119\/revisions"}],"predecessor-version":[{"id":5069,"href":"https:\/\/cissaau.org\/index.php?rest_route=\/wp\/v2\/pages\/2119\/revisions\/5069"}],"wp:attachment":[{"href":"https:\/\/cissaau.org\/index.php?rest_route=%2Fwp%2Fv2%2Fmedia&parent=2119"}],"curies":[{"name":"wp","href":"https:\/\/api.w.org\/{rel}","templated":true}]}}